ppose -25*j - k = -z*j. List the prime factors of j.
2, 37
Suppose f - 5*t = 505, -5*f + 5*t + 2461 + 84 = 0. Suppose f = -u + 1347. List the prime factors of u.
3, 31
Suppose -348*f + 43512 = -342*f. What are the prime factors of f?
2, 7, 37
List the prime factors of (6946/(-69))/(1/(-30)).
2, 5, 151
Suppose -5*t - 3*o = -98, -5*o = -0*t - 3*t + 52. Let c = 333 + t. What are the prime factors of c?
2, 11
Let l(r) = r - 3. Let v be l(6). Let d = 508 - 504. Suppose 0 = -d*j + 8, -v*m = -m + 2*j - 210. What are the prime factors of m?
103
Let o = -241 - -245. Suppose 0 = -2*g + o*a + 944, -3*g + 1416 = -4*a + 3*a. What are the prime factors of g?
2, 59
Suppose 0 = 9*p - 28 - 8. Suppose -r = p*q - 23, -4*q - 2*r + 16 = -6. Suppose -69 = 3*d - q*d. List the prime factors of d.
23
Let x(t) = 1691*t + 5356. What are the prime factors of x(-3)?
283
Let k(v) = -54*v**3 - 17*v**2 - 7*v - 22. List the prime factors of k(-5).
2, 3169
Suppose 0*i + 246 = -6*i. Let g = i - -48. List the prime factors of (72 - 0) + -10 + g.
3, 23
What are the prime factors of 477071/152 + (-5 - 215/(-40))?
43, 73
What are the prime factors of ((-18 - -16) + -9 + 0)*(-2 - 3035)?
11, 3037
Suppose -4*i - 4*w = -32, -i + 5*w - 1 = 21. What are the prime factors of 925 + 4 + -4 + i?
2, 29
Let w = 3643 - -7734. List the prime factors of w.
31, 367
Let v(f) = -22625*f - 166. What are the prime factors of v(-1)?
37, 607
Let a = -6560 - -12679. List the prime factors of a.
29, 211
Suppose -2*c - 366131 = -5*f, -f = 3*c - 30612 - 42587. What are the prime factors of f?
37, 1979
Let y = -7799 - -31082. List the prime factors of y.
3, 13, 199
Suppose -3*c + 3*k = -38232, -5*k = -230*c + 235*c - 63740. List the prime factors of c.
2, 6373
Suppose -2*v - 492 = -5*h, -5*h + 4*v + 512 = 7*v. Let j = h + 181. List the prime factors of j.
281
Suppose 11*t - 560 = 7*t. Suppose -t - 624 = -4*r. Let d = -59 + r. List the prime factors of d.
2, 3, 11
Let w(y) = 5*y**2 - 73 + 28 + 33*y - 14*y**2 + 8*y**2. Suppose -f - 17 = -v + 11, 5*v - 4*f - 135 = 0. What are the prime factors of w(v)?
5, 37
Let f(o) = 23*o**2 - 94*o + 64. What are the prime factors of f(-19)?
11, 13, 71
Suppose -s + 106 = 4*k, 2*k - 4*s + 567 - 611 = 0. Suppose 2*l = -5*a - 8, 0 = a - 3*l - 8 - 4. Suppose -k*n + 24*n + 54 = a. What are the prime factors of n?
3
Let a = 24113 + -16281. List the prime factors of (-7)/63 - a/(-18).
3, 5, 29
Let c be ((60/(-8))/(-15))/((-2)/(-4)). List the prime factors of ((-3)/12)/(c/(-4)) + 495.
2, 31
Let b be 5/2 - ((-145)/10)/(-1). What are the prime factors of (-6962)/b - ((-423)/54 + 8)?
2, 5, 29
Suppose k + 4*k = -4*w - 312, 5*w - 10 = 0. Let t = -61 - k. Suppose -p - 5*a = 2*p - 219, t*p - 219 = -3*a. List the prime factors of p.
73
Let c(o) = -o**3 - 22*o**2 - 22*o - 21. Let g be c(-21). Suppose g = 15*j + j - 15808. List the prime factors of j.
2, 13, 19
Let t(i) = -5*i + 2. Let j be t(4). Let f = -13 - j. Suppose 2*v + 4*n - n - 82 = 0, 5*v - 230 = f*n. What are the prime factors of v?
2, 11
Suppose 0 = -275*a + 44*a + 201383 + 1208641. List the prime factors of a.
2, 7, 109
Let m(i) = -14 + 1179*i - 184*i + 7 + 23. What are the prime factors of m(1)?
3, 337
Suppose 2*v = -v - s - 66, 0 = v - 4*s + 22. Let i = v - -104. List the prime factors of i.
2, 41
Let h(t) = -4*t**2 + 20*t - 66. Let k(p) = p**2 + 1. Let o(s) = h(s) + 3*k(s). List the prime factors of o(12).
3, 11
Let q(a) = -a**3 + 10*a**2 - 4*a - 21. Let r be q(9). List the prime factors of 26404/r + (-3)/18.
2, 5, 11
Let r = -61 - -74. Let q = 23 - r. Suppose g - 3*b - q - 91 = 0, -5*g - 4*b = -562. List the prime factors of g.
2, 5, 11
Suppose h + 78 + 180 = 0. Let x = h - -426. Let i = x - 89. List the prime factors of i.
79
Let k(f) = 3*f**2 - 39*f + 27. List the prime factors of k(79).
3, 1741
Let f = -19511 - -37651. What are the prime factors of f?
2, 5, 907
Suppose 2*q - 33 = -9*q. Suppose -2 - q = b, -b - 5 = -3*r. Suppose 147 = k + v, r = -0*k + k - 2*v - 150. What are the prime factors of k?
2, 37
Let h(x) = x + 25. Suppose 0 = 5*l - 3 - 7. Let r be ((-2)/(-8)*l*0)/(-1). List the prime factors of h(r).
5
Suppose 4*c = 5 - 5. What are the prime factors of 2/(5/(c + 1050))?
2, 3, 5, 7
Suppose -22 = 10*t + i, -t + 4*i + 6 = -0*t. Let g = 1 - 1. What are the prime factors of (t + (2 - -2))*(g + 47)?
2, 47
Let m(s) be the second derivative of s**5/20 + 7*s**4/12 - s**3/6 - 6*s**2 - 8*s. Let j be m(-8). Let f = 83 + j. List the prime factors of f.
3, 5
Let c = 7636 + -2730. List the prime factors of c.
2, 11, 223
Suppose 124*b - 96*b - 198324 = 0. List the prime factors of b.
3, 787
Suppose -5*j = 14*m - 11*m + 13779, -3*j = 5*m + 8277. Let b = j - -4192. List the prime factors of b.
2, 719
Let o be (1/(-1))/(((-2)/204)/(-1)). Let f = o + 106. List the prime factors of 9/(18/f) - (-202)/2.
103
Let t(m) = -3*m - 7. Let h(l) = -10*l + 21. Let s(d) = 9*d - 22. Let a(p) = -2*h(p) - 3*s(p). Let u be a(4). List the prime factors of t(u).
5
Let c(f) = f**2 - 6*f + 8. Let a(i) = i + 14. Let l be a(-12). Let n be c(l). Suppose 2*t = 5*t - 3*v - 228, -t - 5*v + 64 = n. What are the prime factors of t?
2, 37
Let x(o) = o**3 - 21*o**2 - 30*o + 3. Let s be x(21). Let y = s + 1323. List the prime factors of y.
2, 3, 29
Let k(m) = -m**3 - 2*m**2 + 2*m + 9. Let o be k(0). Suppose -o*g + 3949 = 2*g. List the prime factors of g.
359
Let p = -264 + 273. What are the prime factors of (-2)/(-5) + (p - 10216/(-10))?
1031
List the prime factors of 86/((615/(-204) + 3)/(3975/(-600))).
17, 43, 53
Let x be 9/6*(-24)/(-9). Suppose x*t - 2*l - 24 = 0, -5*l = t + 3*t + 4. Suppose 179 = t*h - 121. What are the prime factors of h?
3, 5
Suppose 1559635 + 1624945 = 140*i. What are the prime factors of i?
23, 43
List the prime factors of (60 - (3 + -1))/(((-8)/192)/(-1)).
2, 3, 29
Suppose 0 = -5*l + 1305 + 28605. List the prime factors of 15/(-35) - l/(-42).
2, 71
Suppose -26*a + 0*a + 241350 = 24*a. List the prime factors of a.
3, 1609
Let c = -90 + 98. Suppose 3*m = w - c, -1 = 5*m + 4. Suppose -u = -4*u + w*d - 8, -5*u + 5*d = 0. What are the prime factors of u?
2
Let g = 1743 + 540. Let h = g - 933. What are the prime factors of h?
2, 3, 5
Suppose 5*q - 56 = -2*q. Let a = 38 + q. What are the prime factors of a?
2, 23
Let d = 68 - 102. Let n(t) = t + 174. List the prime factors of n(d).
2, 5, 7
List the prime factors of -6 + ((-1916)/1)/(-9 - 1352/(-152)).
2, 4549
Let p(v) = 9*v**2 + 2. Let x be p(3). Suppose -5 = x*w - 78*w. Let k(j) = 245*j**2 + j. List the prime factors of k(w).
2, 61
Suppose 8*h = 4*h + 8. Suppose 3*j = 2*o + 11, -h*o = -5*j + o + 18. Suppose 5*d + j*d - 56 = 0. List the prime factors of d.
7
Suppose 2*d + 8 = -4*o, 4*d + 3 = -4*o - 1. Suppose 482 = 2*x - 4*q, 0 = -5*x + d*q + 1505 - 276. List the prime factors of x.
13, 19
Let y(b) = -164*b - 54. Let i(m) = m**2 - m - 25. Let q be i(5). What are the prime factors of y(q)?
2, 383
Let s(w) = 9424*w**2 - 13*w + 1. List the prime factors of s(1).
2, 13, 181
Let l(n) = -6789*n - 8371. List the prime factors of l(-3).
2, 2999
Let f(t) = -2*t + 2. Let a be f(0). Suppose 0 = -4*q + 20, a*i + 4*q - 45 = 3*i. Let b = 46 + i. List the prime factors of b.
3, 7
Let d be 19/(-2)*(-9*(-22)/(-33) + -40). Let n(l) = -24*l**3 + l**2 - 4*l + 1. Let u be n(-3). Let r = u - d. What are the prime factors of r?
233
What are the prime factors of (-592)/2*(-53973)/216?
37, 1999
Let c(d) = -d**2 + 8*d + 4. Let r be c(8). Let q(g) be the second derivative of g**5/10 - 7*g**4/12 + g**3/2 + 5*g**2 + 3*g. List the prime factors of q(r).
2, 19
Suppose 0 = 2*q - 2, 2*c - 5*q + 345 = -326. Let a = c - -487. List the prime factors of a.
2, 7, 11
Let k = -33681 - -57306. What are the prime factors of k?
3, 5, 7
List the prime factors of ((-17)/(-153) + 148/(-36))/((-4)/34537).
34537
Let m be (-2)/(-8)*27 + 2/8. Suppose 21*z = m*z - 1134. Let w = z + 253. List the prime factors of w.
2, 43
Let l = 6062 + 6585. What are the prime factors of l?
12647
Let g = 15643 + -10447. List the prime factors of g.
2, 3, 433
Suppose 0 = 2*v + n - 9100 - 22180, -6*v + 3*n = -93804. What are the prime factors of v?
19, 823
Let l(s) = s**2 - 4*s - 18. Let f be l(-6). Let p be ((-28)/f)/((-4)/(-318)). Let u = p - -173. List the p